n. Calculate the highest common divisor of i and 13.
13
Let h = 209 + -39. What is the greatest common divisor of h and 34?
34
Let u = 5 + -6. Let a be 14/4 + u/2. Suppose -2*k - a*q - 18 = -6*k, -2*k = -3*q - 12. What is the highest common factor of k and 9?
3
Let v be (-1 + 13)*(-6)/(-9). Let w = -8 + 10. Suppose 0 = w*f - 120 - 56. Calculate the greatest common factor of v and f.
8
Suppose r = -3*s + 210 + 464, -4*s + r + 901 = 0. Suppose 2*u - 40 - 10 = 0. What is the highest common factor of u and s?
25
Let m(x) = -7*x - 12. Let b be m(-4). Calculate the highest common factor of 4 and b.
4
Suppose 2*b = 2*w - b - 22, -3*w + b = -19. Suppose -3*j + 21 = 3*q, -5*q - 4*j + 3*j + 15 = 0. Calculate the greatest common factor of w and q.
1
Let z(a) = 3*a + 11. Let p be z(5). Calculate the greatest common divisor of 39 and p.
13
Let b be 0 - -2 - (-22)/(-2). Let z be 37 + (-5)/(15/b). Suppose 0 = -5*l + 35 + 5. What is the highest common divisor of z and l?
8
Let x(q) = q**2 + 5*q + 7. Suppose 4*p + 12 = -2*d - 2*d, 17 = -3*p + d. Let k be x(p). Calculate the highest common divisor of k and 14.
7
Let s(t) = 26*t - 14. Let q be s(7). Calculate the highest common factor of q and 24.
24
Let s = 79 + -57. Calculate the greatest common divisor of s and 198.
22
Let v(j) = -j**2 - 7*j + 1. Let p = -13 - -8. Let r be v(p). Let z be 2 - (-84 + 4/(-2)). What is the highest common divisor of r and z?
11
Let p = -3 + 6. Suppose j = 3*j - 2*c, 2*c = -3*j. Let h = 3 + j. What is the highest common factor of h and p?
3
Let h = 27 + -10. Suppose -3*z - h = -d, 2*z + 0*z + 12 = d. Suppose 27 = 5*b + 4*v - 3*v, -4*b = 5*v - 9. Calculate the highest common divisor of b and d.
2
Let z(c) = -c**2 + 14*c + 14. Let b(k) = -k**3 - 9*k**2 + 10*k + 10. Let v be b(-10). Let w be z(v). What is the greatest common factor of 6 and w?
6
Let g be (-4 + (-28)/(-8))*0. Suppose 0*p - 444 = -4*y - 2*p, g = -p - 2. Calculate the greatest common divisor of y and 28.
28
Let c = 6 - 4. Suppose 0 = z + c*z - 30. Let w = 38 - z. Calculate the greatest common divisor of w and 70.
14
Let a be 6/4*((-12)/9 - -2). What is the greatest common divisor of 4 and a?
1
Let j(f) = -13*f - 4. Let x be j(-6). Calculate the greatest common divisor of x and 37.
37
Let b = -42 + 52. What is the greatest common divisor of b and 50?
10
Let f = 8 + 32. Suppose -16 = -3*d + 29. Let y = d - 10. What is the highest common divisor of f and y?
5
Suppose 0 = -5*g + 15 - 0. Suppose -g*t - 30 = 2*t. Let v be 24/10 + t/15. Calculate the highest common divisor of 16 and v.
2
Suppose 2*c = 8*m - 4*m - 152, -2*m + 72 = -2*c. Suppose -5 = -k - 3*r + 3, 5*k + 2*r = m. Calculate the highest common divisor of 40 and k.
8
Let b be (-10)/15 - 28/(-6). Calculate the greatest common divisor of 28 and b.
4
Let v = -131 - -314. Calculate the highest common divisor of v and 61.
61
Let i = 12 - 7. Suppose 0 = i*m - 0*m - 70. Let k(a) = -4*a - 16. Let q be k(-11). What is the greatest common factor of q and m?
14
Let b(j) = -83*j - 3. Let m be b(-1). Calculate the greatest common divisor of m and 16.
16
Let m(n) = 44*n**3 + 2*n**2 - 1. Let f be m(1). Let u = 1 + -1. Let y be (u - 2)*(-10)/4. Calculate the greatest common factor of y and f.
5
Let d = 1 - -2. Calculate the highest common factor of 33 and d.
3
Let o(d) = d + 30. Let f be o(-10). Calculate the greatest common divisor of 40 and f.
20
Suppose 12*w - 17*w + 50 = 0. What is the highest common factor of 10 and w?
10
Let j(z) = -z**2 - 12*z + 6. Let w be j(-9). Suppose -n - 32 = -3*f, n + 0*n = -5*f + 56. What is the highest common divisor of f and w?
11
Suppose 0 = -d - 3*d + 4. Let y(v) = 20*v**2. Let j be y(d). What is the highest common divisor of j and 140?
20
Suppose -5*b - 25 = 0, -2*w = -3*w + 2*b + 19. Suppose -y + w = -7. Let f = -242 - -418. What is the greatest common factor of f and y?
16
Let i(z) = z**3 + z + 4. Let k be i(0). What is the greatest common divisor of k and 20?
4
Suppose -138 = -5*w + 107. Let a be 2 + w/1 - -3. Calculate the highest common divisor of a and 6.
6
Let q(o) = -o**2 - 13*o + 19. Let z be q(-9). Calculate the greatest common factor of z and 11.
11
Suppose -r + 3 = -3*i - 7, -4*i = 4*r - 40. Suppose 5*p - p = 0. Suppose 2*g + 2*o = 1 + 33, 3*o + 9 = p. Calculate the greatest common factor of r and g.
10
Let w(y) = -y + 5. Let o be w(5). Suppose 0 = -c - 2*b + 11, -b + 13 = 3*c - 15. Suppose o*i - c = -i. Calculate the greatest common factor of 45 and i.
9
Let f(y) = -8*y - 10. Let l be f(-6). What is the highest common factor of 38 and l?
38
Suppose 0 = 2*h - w - 11, -5*w = -0 + 25. Suppose -h*k + 60 = k. Calculate the greatest common factor of 60 and k.
15
Suppose -103 = -2*j - 3*j + 3*s, j + s = 19. Let o(c) = 5*c**3 + 5*c**2 - 10*c + 10. Let n be o(2). What is the greatest common divisor of j and n?
10
Let m(a) = -2*a - 6. Let s be m(-4). Suppose -3*x + i + 48 = 0, -s*x - 3*i - 24 = -3*x. What is the greatest common divisor of x and 60?
15
Let f = 370 - 253. Calculate the greatest common divisor of 13 and f.
13
Suppose p - 10 = -3*k, 5*k - 13 = -p - 1. Calculate the greatest common factor of p and 35.
7
Let r = 293 - 149. Calculate the highest common divisor of r and 18.
18
Let r = -12 + 6. Let d be (6 + 4)/((-4)/r). Let z(w) = 2*w**3 - 6*w**2 + 2*w + 10. Let m be z(5). What is the highest common divisor of m and d?
15
Let c(l) = 2*l**2. Let x be (-2 + 3 - 0)*-1. Let q be c(x). What is the highest common divisor of q and 16?
2
Suppose 0*y + y + 26 = 2*l, 3*l + 5*y = 26. What is the highest common divisor of l and 24?
12
Let w(m) = m**3 + 6*m**2 + 5*m + 2. Let r be w(-5). Let a be r/6 - 149/(-3). What is the highest common factor of a and 20?
10
Let o = -105 + 149. Calculate the greatest common divisor of 66 and o.
22
Let v be 192/(-40) - 2/10. Let x = 6 + v. Suppose g - 2 = -1. Calculate the greatest common factor of g and x.
1
Let r = 3 - 0. Suppose c - m - 3 = -r*c, 4 = c + 3*m. Suppose 2*g - y - c = 0, -2*g = -5*y + 7 + 4. What is the greatest common factor of g and 14?
2
Let p be 2/(-9) - 434/(-9). Suppose 4*d + 6 = -14, -4*r = 4*d - 108. Calculate the greatest common factor of r and p.
16
Let l be -2*(1 + 0)*-1. Suppose l*x - 4 = -2. Let w = 7 + x. What is the greatest common factor of 8 and w?
8
Let y(i) = -2*i + 1. Suppose a = 2*f + 3 - 2, 10 = -2*a. Let q be y(f). Calculate the highest common factor of 1 and q.
1
Suppose -r - 75 = -2*r. Let k be 4*(-62)/(-8) - 1. What is the greatest common divisor of k and r?
15
Let h = -101 + 118. Suppose 0 = 2*v + 2*o - 246, -2*v - 6*o + 254 = -2*o. What is the highest common factor of v and h?
17
Let g be (9/(-12))/(1/(-8)). Suppose -7*x + g*x = -77. Calculate the highest common divisor of x and 7.
7
Let u = -342 + 22. Let m be 2/8 - 118/(-8). Let g be 18/m*u/(-6). Calculate the highest common divisor of 8 and g.
8
Let o = 163 - 107. What is the highest common factor of o and 8?
8
Let h = 53 + 19. Let z be 61/7 - (406/(-49) + 8). What is the highest common divisor of z and h?
9
Suppose 25 = -2*c + 1. Let t = c - -57. What is the greatest common divisor of 30 and t?
15
Suppose -5*r = w - 29, 2*w + 4*r = r + 30. Calculate the greatest common divisor of 153 and w.
9
Suppose v - 4*v + 51 = 0. Let p be 2*(-3)/((-6)/85). Calculate the highest common factor of p and v.
17
Let u = 4 + 0. Suppose -s + f + 11 = -f, 5*s + u*f = -1. Let k be -12*(s/(-9))/1. What is the highest common divisor of 32 and k?
4
Suppose 3*g - k - 6 = 0, 0*g + 4*g - 4*k = 0. Suppose -q + 132 = g*q. Let c = 31 + -20. What is the highest common divisor of c and q?
11
Let v(y) = -6*y**3 - 3*y**2 - 3*y - 3. Let j be v(-2). What is the greatest common factor of 26 and j?
13
Let y(o) = -o + 3. Let x be y(-2). Calculate the highest common factor of 20 and x.
5
Let r be (-110)/(-6) + (-7)/21. What is the highest common divisor of 18 and r?
18
Let g be (0 + -1)/(1 + -2). Let t(j) be the first derivative of -j**2/2 + 12*j + 8. Let b be t(8). What is the greatest common divisor of g and b?
1
Let i be (4/(-8))/(1/36). Let u be (-3 + 21/9)*i. What is the highest common divisor of u and 8?
4
Let r = 1 - 1. Suppose 5*d - 5 = -r*d. Let q = 6 - 2. What is the highest common divisor of d and q?
1
Let z(c) be the third derivative of c*